-24?
17
Suppose 24 = h + 2*z - 14, -4*z = -h + 32. Calculate the remainder when 64 + 15 + -18 - -9 is divided by h.
34
Let t = 10081 + -9885. What is the remainder when 797 is divided by t?
13
Suppose -42*a = -159*a + 34223 + 25447. What is the remainder when a is divided by 251?
8
Suppose 0 = 2*w - 5*r - 688, -3*w - r - 3*r = -1078. Calculate the remainder when w is divided by 51.
48
Let m(c) = 20*c + 1871. What is the remainder when 220 is divided by m(-88)?
109
Let t = 115 + -111. Let g(y) = -1 - y**2 - 2*y + 0 + 11*y - t*y. Calculate the remainder when 7 is divided by g(4).
1
Let r(b) = -b**3 - 83*b**2 + 95*b + 937. Calculate the remainder when 11360 is divided by r(-84).
11
Let n = 342 - -1359. Calculate the remainder when n is divided by 46.
45
Let j be 7*(-17)/(714/(-108)). Calculate the remainder when (277 + -3)*(-3)/j*-3 is divided by 35.
32
Let z(j) = -3*j**3 - 8*j**2 + 6*j + 11. What is the remainder when z(-4) is divided by (-137)/(-5) - 2/5?
24
Suppose -37*d + 39*d = -5*p + 278, -5*p = d - 274. What is the remainder when 142 is divided by p?
34
Suppose 0 = 7*j - 2*s - 143, -11 = 5*s - 21. What is the remainder when 229 is divided by j?
19
Suppose 0 = -3*c - 15, 54*a - 55*a + c = -4101. Calculate the remainder when a is divided by 1361.
13
Suppose 0 = -4*n - 25*k + 22*k + 6436, -k + 6436 = 4*n. Suppose -1741 = -4*q - n. Calculate the remainder when q is divided by 20.
13
Suppose 5*t - 370 = -3*h + 25, -333 = -4*t + h. What is the remainder when t is divided by 14?
12
Let r = 1173 + -1024. Calculate the remainder when 1637 is divided by r.
147
Let l = -3327 - -3432. What is the remainder when l is divided by 56?
49
Suppose 4*r - 4*m = 0, r + m = -3*r. Suppose -7*q + 117 + 2 = r. Suppose -2*f - 48 = -178. Calculate the remainder when f is divided by q.
14
Let q(t) = 6*t**2 - 70*t + 5. What is the remainder when 3506 is divided by q(12)?
26
Let g be 2/(((-3)/4)/(3/(-2))). Suppose -g*u - 5*z = -151, u - z = 23 + 8. What is the remainder when 269 is divided by u?
31
Let t(w) = 31545 + 2*w + w - 9*w - 31581. What is the remainder when 95 is divided by t(-10)?
23
Let p be -2*(4 - 6) - 84. Let b = p - -130. What is the remainder when 142 is divided by b?
42
Let b be ((-11)/4)/((-36)/16 - -2). Let a = b - -72. What is the remainder when a is divided by 28?
27
Calculate the remainder when 305 is divided by (-20739)/(-155) + (-32)/40.
39
Suppose 0 = -b + 30 + 6. Suppose 0 = 5*q - 525 - 920. Let l = q + -183. What is the remainder when l is divided by b?
34
Let s = 20 - 16. Suppose 18 = -c - 5*h, -s*h - 9 + 1 = 4*c. Suppose 4*b - k = 31, -5*b = 4*k - c*k - 29. What is the remainder when 19 is divided by b?
5
Let m(q) = 2*q**2 + 34*q - 93. What is the remainder when 296 is divided by m(3)?
26
Let g = -23591 + 24764. Calculate the remainder when g is divided by 2.
1
Let k = -1939 - -2360. Calculate the remainder when k is divided by 139.
4
Let j = -916 + 966. Let l be 18/72 - 2750/(-8). What is the remainder when j is divided by l/12 + (-12)/18?
22
What is the remainder when 2/4 + ((-14850)/(-20) - -1) is divided by 195?
159
Suppose -4*d + 3*p = -436, -35*d + 33*d = -3*p - 218. What is the remainder when d is divided by 200/12*(-18)/(-15)?
9
Suppose -199 = 12*i - 734 - 989. What is the remainder when i is divided by 26?
23
Let g(p) = 123*p**2 - 11*p + 32. What is the remainder when g(2) is divided by 4?
2
Let t = 1375 + -1299. Calculate the remainder when t is divided by 12.
4
Suppose 3*t = 2*p - 26, 3*p - 2*t - 41 = 2*t. Suppose -2*g + 4*g + 2 = 0. Calculate the remainder when 26 is divided by g + (-8)/4 + p.
10
Suppose 2*l - 4*q - 106 = 0, 4*l + 11*q - 9*q - 252 = 0. Calculate the remainder when 130 is divided by l.
8
Let q(t) be the second derivative of t**4/3 + t**3/3 - 6*t**2 - 13*t. Suppose -92*p + 86*p = 30. Calculate the remainder when q(p) is divided by 16.
14
Let n(j) = -j**2 + 18*j - 28. Let o be n(16). Suppose o*h = 95 - 35. What is the remainder when (-6 - (-40)/8)/(2/(-84)) is divided by h?
12
Let j(r) = r - 1. Let m be j(3). Suppose m*u - 4*z - 20 = 0, -2*u - 2*z + 3 = -23. Let y(l) = 8*l - 1. What is the remainder when y(u) is divided by 33?
29
Suppose 0 = -2*n - 2*n + 88. Suppose 259*o = 250*o + 297. Suppose 0 = -o*q + 25*q + 344. Calculate the remainder when q is divided by n.
21
Suppose -2 - 22 = -2*g. Suppose 4*c = -5*b + 69, 5*b + g = c + 1. What is the remainder when 31 is divided by c?
15
Let j(x) = -790*x + 5584. What is the remainder when j(-8) is divided by 21?
18
Suppose 0 = 136*y - 34268 - 1364. What is the remainder when y is divided by 77?
31
Let l(z) = 84*z**3 - 3*z**2 - 25*z + 26. Calculate the remainder when 111 is divided by l(1).
29
Suppose -121 = -9*y + 428. Let w(a) = -5*a**2 + 12*a**2 + y - 61 - a. Calculate the remainder when 53 is divided by w(-1).
5
What is the remainder when (-544)/(-6)*(-441)/(-49) is divided by 43?
42
Let l(h) = 8*h + 4. Let i be l(6). Suppose 3*p = 14 + i. Let f = 14464 + -14458. What is the remainder when p is divided by f?
4
Let y = -5862 - -5965. What is the remainder when 1862 is divided by y?
8
Suppose 4*a + 5*g - 40 = 3*a, 0 = -2*g. Suppose 4*o + 125 = n, -66*n + 62*n + 5*o + 577 = 0. Calculate the remainder when n is divided by a.
33
Let t(o) = -o**3 + 11*o**2 - 4*o - 2. Let c = 13 + -5. Suppose -c = -s - 2*u, -4*s + 3*u = 19 - 73. Calculate the remainder when t(10) is divided by s.
10
Let o = -37974 + 39489. What is the remainder when o is divided by 16?
11
Calculate the remainder when (2/(-4))/((-103)/7004) is divided by 27.
7
Let t be ((-30)/(-20))/(1/6). Suppose -t*d - 3 = -6*d. What is the remainder when (d/(-4))/((-7)/(-532)) is divided by 5?
4
Let m(f) = 20*f - 191. Let t be m(10). Let l(w) = -2*w**2 + 18*w + 7. What is the remainder when 66 is divided by l(t)?
3
Suppose -11841 + 4291 = -25*i. Calculate the remainder when i is divided by 4.
2
Suppose 2*u = h - 31, u - 85 = -5*h - 3*u. Let q = h - 8. Calculate the remainder when q is divided by (-92)/230 + 42/5.
5
Let k(o) = -19*o**3 - 5*o**2 - 102*o - 203. What is the remainder when 1096 is divided by k(-2)?
32
Suppose v - 5 = 33. Let q = 42 - v. Let b(k) = k**2 + 15*k + 11. Calculate the remainder when b(-15) is divided by q.
3
What is the remainder when 604 is divided by (-28)/6*(-24024)/1078?
84
Let h(m) = -189*m - 25. Let k be h(-5). Suppose 36*y = -4*y + k. Calculate the remainder when 43 is divided by y.
20
Suppose -108 = -987*b + 978*b. Suppose -2*f - 50 = -60. Calculate the remainder when b is divided by f.
2
Suppose 332*q - 236*q - 73920 = 0. What is the remainder when q is divided by 45?
5
Let d(a) = 25*a + 30. Let i be d(11). Suppose -23 + i = m - 2*p, 5*m - 2*p - 1426 = 0. Calculate the remainder when m is divided by 58.
54
Let h = 66 - -210. Suppose 13*t - 9*t - 72 = -2*b, b = -4*t + 32. Calculate the remainder when h is divided by b.
36
Let h be 133/2 - (-6)/4. Suppose 3*v = -v + h. Calculate the remainder when 1 + (-207)/225 - (-2048)/25 is divided by v.
14
What is the remainder when 3 + -13 + (17 - (-4810)/13) is divided by 138?
101
Let g(i) = -8*i + 3. Suppose -f - 68 = 5*o - 0*o, 4*f = 8. What is the remainder when g(-9) is divided by -4 + 2 - 7/(o/30)?
10
Let x(i) = -70*i - 287. What is the remainder when 316 is divided by x(-5)?
1
Let i be (-2*1/2)/(3 - 2). What is the remainder when 134 is divided by (-12)/18*(i + 5 + -16)?
6
Let r(y) = -2*y**3 - 39*y**2 - 22*y + 6. Calculate the remainder when 1636 is divided by r(-19).
61
Suppose 812 - 133 = 81*c - 617. Calculate the remainder when 6847 is divided by c.
15
Let l(h) = -2*h**3 - 3*h**2 + 3*h. Let r be l(-2). Let n(w) = -58*w + 12. What is the remainder when n(r) is divided by 13?
11
Let p(y) be the second derivative of -y**5/20 - 11*y**4/12 + 5*y**3/2 + 30*y**2 - 80*y + 1. Calculate the remainder when p(-14) is divided by 10.
8
Let x(a) = 11*a**2 - 22 + 115*a - 87*a + 2*a**3 - 3*a**3. What is the remainder when 17 is divided by x(13)?
1
Let i(d) = -18*d**2 - 49*d - 3. What is the remainder when 213 is divided by i(-1)?
17
Let t = -213 + 215. Suppose 384 = r - z, -2*r = -t*z + 6*z - 798. What is the remainder when r is divided by 15?
14
Let q(g) = 4*g**3 - 109*g**2 - 201*g - 37. What is the remainder when 202 is divided by q(29)?
13
Let d(v) be t